 when 405451 is divided by 1343.
1208
Calculate the remainder when 3823521 is divided by 3823245.
276
What is the remainder when 2321742 is divided by 40731?
75
What is the remainder when 2114994 is divided by 1224?
1146
What is the remainder when 6370591 is divided by 216?
103
Calculate the remainder when 7273 is divided by 268.
37
What is the remainder when 280660 is divided by 140299?
62
Calculate the remainder when 115197727 is divided by 524.
519
What is the remainder when 111339 is divided by 1693?
1294
What is the remainder when 3060890 is divided by 357?
329
What is the remainder when 140885 is divided by 224?
213
What is the remainder when 48777 is divided by 15407?
2556
Calculate the remainder when 400643 is divided by 13354.
23
What is the remainder when 175662778 is divided by 3035?
13
What is the remainder when 135339 is divided by 775?
489
Calculate the remainder when 324205 is divided by 64415.
2130
Calculate the remainder when 1331304 is divided by 527.
102
What is the remainder when 201267 is divided by 18236?
671
Calculate the remainder when 586443 is divided by 2386.
1873
Calculate the remainder when 5614830 is divided by 178.
176
Calculate the remainder when 7321649 is divided by 29.
19
What is the remainder when 129577238 is divided by 1319?
1316
What is the remainder when 209076 is divided by 23213?
159
Calculate the remainder when 1207293 is divided by 16997.
506
What is the remainder when 63422 is divided by 16?
14
What is the remainder when 7542447 is divided by 925?
922
Calculate the remainder when 29774323 is divided by 33.
7
What is the remainder when 1743363 is divided by 1528?
1443
Calculate the remainder when 187578899 is divided by 655.
654
What is the remainder when 2239615 is divided by 7065?
10
What is the remainder when 4112826 is divided by 1044?
510
Calculate the remainder when 284186 is divided by 141860.
466
Calculate the remainder when 66534231 is divided by 2328.
2319
Calculate the remainder when 34843 is divided by 16645.
1553
What is the remainder when 35642 is divided by 581?
201
What is the remainder when 34018392 is divided by 20058?
24
Calculate the remainder when 5815113 is divided by 415364.
17
Calculate the remainder when 33048915 is divided by 51.
48
What is the remainder when 477808 is divided by 5899?
5888
What is the remainder when 495581 is divided by 24776?
61
Calculate the remainder when 1164454 is divided by 37563.
1
What is the remainder when 396682 is divided by 9251?
8140
What is the remainder when 130975 is divided by 5?
0
Calculate the remainder when 220093566 is divided by 32.
30
What is the remainder when 15121266 is divided by 10034?
28
What is the remainder when 84770 is divided by 2353?
62
What is the remainder when 27829073 is divided by 78?
77
Calculate the remainder when 303807 is divided by 351.
192
Calculate the remainder when 446568 is divided by 29763.
123
What is the remainder when 2024162 is divided by 11633?
20
What is the remainder when 2309809 is divided by 504?
481
Calculate the remainder when 42883037 is divided by 99.
98
Calculate the remainder when 81396 is divided by 1145.
101
What is the remainder when 8185718 is divided by 409?
401
Calculate the remainder when 315503 is divided by 78371.
2019
What is the remainder when 28067899 is divided by 6254?
6201
Calculate the remainder when 715877 is divided by 1479.
41
What is the remainder when 258591287 is divided by 593?
591
What is the remainder when 33522651 is divided by 341?
305
What is the remainder when 4011156 is divided by 953?
932
What is the remainder when 35060 is divided by 1882?
1184
Calculate the remainder when 130287321 is divided by 501105.
21
What is the remainder when 128756 is divided by 14070?
2126
What is the remainder when 4590370 is divided by 122?
120
What is the remainder when 227391 is divided by 226114?
1277
What is the remainder when 952778 is divided by 20?
18
What is the remainder when 31886 is divided by 410?
316
Calculate the remainder when 302552 is divided by 131.
73
What is the remainder when 9478 is divided by 861?
7
What is the remainder when 84556367 is divided by 13?
12
What is the remainder when 1608883 is divided by 25?
8
What is the remainder when 10216201 is divided by 10216115?
86
Calculate the remainder when 73035073 is divided by 704.
1
What is the remainder when 16652 is divided by 7820?
1012
What is the remainder when 258183 is divided by 1899?
1818
What is the remainder when 167512 is divided by 1035?
877
What is the remainder when 2857467 is divided by 2857390?
77
Calculate the remainder when 39055 is divided by 41.
23
Calculate the remainder when 169063 is divided by 168132.
931
Calculate the remainder when 48156 is divided by 7503.
3138
Calculate the remainder when 637755 is divided by 16.
11
Calculate the remainder when 47521659 is divided by 321092.
43
Calculate the remainder when 73061 is divided by 5801.
3449
What is the remainder when 70246541 is divided by 6386049?
2
Calculate the remainder when 1834283 is divided by 631.
597
What is the remainder when 278038 is divided by 1570?
148
Calculate the remainder when 330914 is divided by 221.
77
Calculate the remainder when 177991 is divided by 702.
385
Calculate the remainder when 105999267 is divided by 549.
543
Calculate the remainder when 9755 is divided by 7751.
2004
What is the remainder when 12227016 is divided by 18?
12
What is the remainder when 7715622 is divided by 490?
82
What is the remainder when 112157 is divided by 1856?
797
Calculate the remainder when 2871371 is divided by 205097.
13
Calculate the remainder when 1584871 is divided by 1584868.
3
Calculate the remainder when 589278 is divided by 100.
78
What is the remainder when 559013634 is divided by 21?
18
What is the remainder when 1199386 is divided by 119931?
76
What is the remainder when 14300329 is divided by 30?
19
What is the remainder when 13664123 is divided by 36?
35
Calculate the remainder when 167899 is divided by 5310.
3289
What is the remainder when 2929 is divided by 2760?
169
What is the remainder when 2613372 is divided by 24196?
204
What is the remainder when 16067409 is divided by 74386?
33
Calculate the remainder when 38436 is divided by 36.
24
What is the remainder when 668479 is divided by 197?
58
Calculate the remainder when 270123 is divided by 67487.
175
Calculate the remainder when 203402968 is divided by 8157.
16
What is the remainder when 8105083 is divided by 45?
43
What is the remainder when 268779355 is divided by 5367?
5362
Calculate the remainder when 24956285 is divided by 644.
641
What is the remainder when 2448609 is divided by 435?
429
What is the remainder when 12314391 is divided by 6157107?
177
What is the remainder when 501940 is divided by 66?
10
Calculate the remainder when 750972 is divided by 4208.
1948
What is the remainder when 1083093 is divided by 14438?
243
Calculate the remainder when 1074292 is divided by 520.
492
Calculate the remainder when 7583339 is divided by 109.
100
What is the remainder when 28077 is divided by 5135?
2402
Calculate the remainder when 386031 is divided by 64316.
135
What is the remainder when 930491 is divided by 185957?
706
Calculate the remainder when 15138387 is divided by 1028.
59
What is the remainder when 62145 is divided by 62096?
49
What is the remainder when 5874801 is divided by 78?
75
What is the remainder when 41526257 is divided by 116?
113
Calculate the remainder when 11322244 is divided by 39.
37
What is the remainder when 1245652 is divided by 876?
856
Calculate the remainder when 896385 is divided by 473.
50
What is the remainder when 24502814 is divided by 666?
8
Calculate the remainder when 23399 is divided by 407.
200
What is the remainder when 279785 is divided by 14458?
5083
What is the remainder when 17627862 is divided by 332?
322
Calculate the remainder when 2160 is divided by 471.
276
What is the remainder when 21558 is divided by 787?
309
What is the remainder when 4793272 is divided by 10375?
22
Calculate the remainder when 131534 is divided by 17909.
6171
What is the remainder when 4139515 is divided by 55?
50
Calculate the remainder when 4145649 is divided by 57.
39
Calculate the remainder when 33482 is divided by 7709.
2646
Calculat